e 9.
0
What is -3010 (base 4) in base 15?
-d1
-1 (base 13) to base 3
-1
Convert 5 (base 15) to base 12.
5
Convert -6e (base 16) to base 9.
-132
Convert -123 (base 9) to base 10.
-102
Convert 1 (base 4) to base 5.
1
-5 (base 6) to base 16
-5
What is 65 (base 8) in base 12?
45
What is 5 (base 16) in base 10?
5
What is 124 (base 6) in base 15?
37
10001 (base 2) to base 8
21
What is 22 (base 10) in base 9?
24
What is 22 (base 8) in base 15?
13
11 (base 3) to base 11
4
Convert -1d (base 16) to base 3.
-1002
-1 (base 12) to base 9
-1
What is -21 (base 7) in base 12?
-13
What is 4 (base 6) in base 7?
4
Convert -123 (base 9) to base 12.
-86
Convert 10 (base 6) to base 12.
6
70 (base 12) to base 7
150
Convert 7 (base 8) to base 12.
7
Convert -1 (base 6) to base 5.
-1
Convert -1 (base 5) to base 7.
-1
What is 2 (base 12) in base 6?
2
30 (base 5) to base 7
21
What is 10100010 (base 2) in base 14?
b8
What is 80 (base 10) in base 12?
68
What is -30 (base 4) in base 8?
-14
What is -10 (base 4) in base 13?
-4
Convert 1 (base 14) to base 4.
1
What is -2 (base 15) in base 12?
-2
What is 220 (base 4) in base 5?
130
What is -53 (base 10) in base 14?
-3b
Convert 11100 (base 2) to base 14.
20
-141 (base 10) to base 13
-ab
Convert 4 (base 11) to base 6.
4
144 (base 11) to base 14
c1
What is 56 (base 15) in base 6?
213
What is -4 (base 11) in base 9?
-4
Convert 0 (base 16) to base 7.
0
-17 (base 8) to base 16
-f
What is -2 (base 4) in base 16?
-2
What is 3c (base 15) in base 8?
71
What is -17 (base 14) in base 5?
-41
-a (base 14) to base 13
-a
-1 (base 5) to base 11
-1
0 (base 3) to base 16
0
What is 8 (base 14) in base 7?
11
4 (base 16) to base 13
4
What is 3 (base 12) in base 6?
3
What is 142 (base 14) in base 11?
211
-2 (base 13) to base 8
-2
Convert -10 (base 5) to base 8.
-5
What is 1a3 (base 15) in base 16?
17a
15 (base 7) to base 8
14
What is 11 (base 2) in base 8?
3
-b4 (base 14) to base 12
-112
Convert -2 (base 5) to base 8.
-2
17 (base 8) to base 12
13
Convert 117 (base 15) to base 2.
11110111
What is a (base 16) in base 2?
1010
Convert -7 (base 14) to base 8.
-7
What is -1001100 (base 2) in base 14?
-56
Convert -110 (base 4) to base 2.
-10100
0 (base 2) to base 3
0
Convert 3 (base 12) to base 11.
3
What is 38 (base 14) in base 4?
302
-5 (base 15) to base 2
-101
20 (base 14) to base 7
40
82 (base 16) to base 7
244
Convert 3 (base 5) to base 14.
3
Convert 21 (base 10) to base 12.
19
What is -1013 (base 6) in base 15?
-100
Convert -20 (base 3) to base 12.
-6
Convert 0 (base 2) to base 16.
0
61 (base 10) to base 4
331
What is 208 (base 10) in base 7?
415
Convert 4 (base 15) to base 3.
11
245 (base 8) to base 2
10100101
What is -1110 (base 2) in base 8?
-16
Convert 34 (base 14) to base 9.
51
3 (base 13) to base 2
11
Convert 6 (base 13) to base 5.
11
What is 6 (base 15) in base 16?
6
Convert -14 (base 8) to base 5.
-22
-3 (base 11) to base 10
-3
What is 4 (base 7) in base 10?
4
3 (base 12) to base 13
3
What is -33 (base 10) in base 16?
-21
Convert 33 (base 15) to base 7.
66
7 (base 10) to base 3
21
What is -3 (base 4) in base 12?
-3
Convert -2 (base 4) to base 2.
-10
-1 (base 8) to base 3
-1
What is -100 (base 2) in base 7?
-4
What is 101 (base 2) in base 6?
5
Convert 7 (base 16) to base 8.
7
What is 11100100 (base 2) in base 14?
124
-100 (base 2) to base 3
-11
285 (base 9) to base 6
1035
What is -75 (base 15) in base 12?
-92
-6 (base 15) to base 4
-12
-1 (base 10) to base 14
-1
What is -8 (base 9) in base 7?
-11
What is -3 (base 6) in base 2?
-11
33 (base 8) to base 12
23
Convert -23 (base 7) to base 11.
-16
What is 135 (base 7) in base 10?
75
3 (base 5) to base 16
3
What is 5 (base 16) in base 10?
5
Convert 1 (base 10) to base 9.
1
Convert -20 (base 8) to base 2.
-10000
Convert -13 (base 11) to base 13.
-11
Convert -5 (base 14) to base 6.
-5
What is -2 (base 11) in base 15?
-2
What is 5 (base 6) in base 9?
5
1133 (base 4) to base 8
137
Convert -4 (base 9) to base 7.
-4
-6 (base 14) to base 6
-10
Convert 16 (base 12) to base 11.
17
-4 (base 13) to base 3
-11
-326 (base 7) to base 2
-10100111
Convert -4 (base 12) to base 10.
-4
-224 (base 5) to base 11
-59
What is 2 (base 8) in base 13?
2
Convert -4 (base 10) to base 2.
-100
Convert -12122 (base 3) to base 7.
-305
What is 55 (base 7) in base 12?
34
What is 2 (base 6) in base 11?
2
1 (base 2) to base 15
1
Convert 3 (base 8) to base 16.
3
-1 (base 5) to base 12
-1
-123 (base 7) to base 14
-4a
Convert 4 (base 9) to base 7.
4
114 (base 6) to base 7
64
What is 0 (base 12) in base 13?
0
Convert -218 (base 11) to base 14.
-149
-10 (base 2) to base 8
-2
What is 163 (base 14) in base 12?
1b7
Convert -20 (base 12) to base 15.
-19
What is 10000 (base 2) in base 3?
121
-b0 (base 16) to base 10
-176
What is -201 (base 8) in base 7?
-243
Convert 1 (base 10) to base 7.
1
What is 5 (base 7) in base 16?
5
-1 (base 12) to base 10
-1
Convert 4 (base 10) to base 16.
4
What is -5 (base 7) in base 6?
-5
Convert -21 (base 5) to base 9.
-12
Convert 20 (base 6) to base 5.
22
26 (base 8) to base 11
20
Convert -5 (base 13) to base 8.
-5
What is 4 (base 12) in base 4?
10
Convert 74 (base 8) to base 11.
55
What is -1111 (base 2) in base 11?
-14
What is -103 (base 4) in base 3?
-201
Convert 4 (base 13) to base 14.
4
Convert -32 (base 14) to base 6.
-112
What is -2a (base 16) in base 4?
-222
1111 (base 2) to base 11
14
-55 (base 8) to base 14
-33
1b (base 12) to base 14
19
What is -5 (base 12) in base 9?
-5
-200 (base 11) to base 8
-362
What is 1 (base 7) in base 2?
1
-3 (base 4) to base 13
-3
-2 (base 8) to base 7
-2
-312 (base 5) to base 13
-64
50 (base 6) to base 2
11110
-1 (base 6) to base 16
-1
d (base 14) to base 8
15
What is 1 (base 11) in base 7?
1
What is -1001 (base 3) in base 8?
-34
What is -100 (base 2) in base 16?
-4
What is -124 (base 8) in base 13?
-66
Convert 12 (base 6) to base 12.
8
What is -7 (base 13) in base 7?
-10
Convert -39 (base 13) to base 14.
-36
Convert -1 (base 8) to base 14.
-1
Convert 0 (base 12) to base 2.
0
Convert 127 (base 8) to base 10.
87
Convert 1111 (base 2) to base 5.
30
-11 (base 9) to base 5
-20
46 (base 13) to base 7
112
What is 9 (base 14) in base 8?
11
Convert -2 (base 8) to base 2.
-10
Convert -2100 (base 4) to base 6.
-400
What is -1001010 (base 2) in base 10?
-74
1 (base 8) to base 2
1
76 (base 9) to base 12
59
2400 (base 5) to base 14
1b0
Convert 10 (base 14) to base 5.
24
What is 0 (base 7) in base 6?
0
What is 3 (base 14) in base 11?
3
What is 2 (base 14) in base 16?
2
What is -11 (base 3) in base 12?
-4
Convert -25 (base 8) to base 10.
-21
Convert 5 (base 15) to base 13.
5
Convert -1 (base 5) to base 7.
-1
133 (base 4) to base 3
1011
-3 (base 8) to base 13
-3
Convert 110000 (base 2) to base 11.
44
30 (base 9) to base 5
102
Convert -2 (base 3) to base 10.
-2
105 (base 10) to base 12
89
What is 23 (base 16) in base 15?
25
What is -2a (base 11) in base 10?
-32
Convert 0 (base 12) to base 3.
0
Convert -10001 (base 2) to base 13.
-14
-55 (base 8) to base 16
-2d
8 (base 10) to base 15
8
Convert -7 (base 9) to base 7.
-10
What is -34 (base 12) in base 8?
-50
What is 1 (base 13) in base 16?
1
What is -3 (base 9) in base 3?
-10
Convert 11 (base 3) to base 4.
10
What is 212 (base 3) in base 6?
35
5 (base 11) to base 14
5
22 (base 7) to base 13
13
Convert -2230 (base 4) to base 9.
-211
-1 (base 14) to base 6
-1
What is -14 (base 6) in base 8?
-12
1001 (base 2) to base 5
14
What is -4e (base 16) in base 11?
-71
Convert 6 (base 14) to base 12.
6
Convert 220 (base 5) to base 16.
3c
Convert -4 (base 6) to base 12.
-4
What is -1020 (base 6) in base 14?
-124
-30 (base 14) to base 5
-132
-8d (base 16) to base 8
-215
What is 2 (base 13) in base 10?
2
-40 (base 14) to base 10
-56
What is 1 (base 7) in base 6?
1
2040 (base 5) to base 4
10032
What is 82 (base 16) in base 4?
2002
8 (base 14) to base 15
8
What is -9a (base 16) in base 8?
-232
19 (base 13) to base 14
18
Convert 23 (base 6) to base 15.
10
What is 22 (base 3) in base 5?
13
Convert 107 (base 8) to base 10.
71
What is -15 (base 16) in base 13?
-18
12 (base 10) to base 12
10
What is -101 (base 3) in base 8?
-12
What is -2 (base 13) in base 8?
-2
21 (base 6) to base 7
16
-2122 (base 3) to base 11
-65
Convert 10 (base 4) to base 15.
4
Convert 110 (ba